{"id":4818,"date":"2026-08-31T11:50:21","date_gmt":"2026-08-31T14:50:21","guid":{"rendered":"https:\/\/mut.cl\/?post_type=evento&#038;p=4818"},"modified":"2026-08-31T12:12:04","modified_gmt":"2026-08-31T15:12:04","slug":"noche-nerd-chilensis","status":"publish","type":"evento","link":"https:\/\/mut.cl\/es\/evento\/noche-nerd-chilensis\/","title":{"rendered":"Noche Nerd Chilensis"},"content":{"rendered":"<p><span style=\"font-weight: 400;\">Una noche para comer, tomar y conversar de la chilenidad, de c\u00f3mo nos vemos a nosotros mismos, c\u00f3mo nos ve el mundo y c\u00f3mo la poes\u00eda responde esas preguntas.<\/span><\/p>\n<p>Conversaciones con el ex canciller Alberto Van Klaveren, el escritor Rafael Gumucio y la escritora Alejandra del R\u00edo Lohan.<\/p>\n<p>Tragos y empanadas disponibles a cargo de La Piojera.<\/p>","protected":false},"featured_media":4819,"template":"","meta":{"_acf_changed":false,"_relevanssi_hide_post":"","_relevanssi_hide_content":"","_relevanssi_pin_for_all":"","_relevanssi_pin_keywords":"","_relevanssi_unpin_keywords":"","_relevanssi_related_keywords":"","_relevanssi_related_include_ids":"","_relevanssi_related_exclude_ids":"","_relevanssi_related_no_append":"","_relevanssi_related_not_related":"","_relevanssi_related_posts":"","_relevanssi_noindex_reason":""},"tags":[926,731,925,924,854],"piso":[46],"tipo":[181],"class_list":["post-4818","evento","type-evento","status-publish","has-post-thumbnail","hentry","tag-charlas","tag-chilenidad","tag-conversaciones","tag-noches-nerd","tag-poesia","piso-piso-1-la-calle","tipo-panoramas"],"acf":[],"yoast_head":"<!-- This site is optimized with the Yoast SEO plugin v28.2 - https:\/\/yoast.com\/product\/yoast-seo-wordpress\/ -->\n<title>Noche Nerd Chilensis - Ver y hacer en MUT<\/title>\n<meta name=\"robots\" content=\"index, follow, max-snippet:-1, max-image-preview:large, max-video-preview:-1\" \/>\n<link rel=\"canonical\" href=\"https:\/\/mut.cl\/evento\/noche-nerd-chilensis\/\" \/>\n<meta property=\"og:locale\" content=\"es_ES\" \/>\n<meta property=\"og:type\" content=\"article\" \/>\n<meta property=\"og:title\" content=\"[:es]Noche Nerd Chilensis[:] - Ver y hacer en MUT\" \/>\n<meta property=\"og:description\" content=\"Una noche para comer, tomar y conversar de la chilenidad, de c\u00f3mo nos vemos a nosotros mismos, c\u00f3mo nos ve el mundo y c\u00f3mo la poes\u00eda responde esas preguntas. Conversaciones con el ex canciller Alberto Van Klaveren, el escritor Rafael Gumucio y la escritora Alejandra del R\u00edo Lohan. Tragos y empanadas disponibles a cargo de [&hellip;]\" \/>\n<meta property=\"og:url\" content=\"https:\/\/mut.cl\/evento\/noche-nerd-chilensis\/\" \/>\n<meta property=\"og:site_name\" content=\"MUT\" \/>\n<meta property=\"article:modified_time\" content=\"2026-08-31T15:12:04+00:00\" \/>\n<meta property=\"og:image\" content=\"https:\/\/mut.cl\/cms\/wp-content\/uploads\/2026\/08\/Noche-Nerd-Chilensis-01-819x1024.png\" \/>\n\t<meta property=\"og:image:width\" content=\"819\" \/>\n\t<meta property=\"og:image:height\" content=\"1024\" \/>\n\t<meta property=\"og:image:type\" content=\"image\/png\" \/>\n<meta name=\"twitter:card\" content=\"summary_large_image\" \/>\n<meta name=\"twitter:label1\" content=\"Tiempo de lectura\" \/>\n\t<meta name=\"twitter:data1\" content=\"1 minuto\" \/>\n<script type=\"application\/ld+json\" class=\"yoast-schema-graph\">{\"@context\":\"https:\\\/\\\/schema.org\",\"@graph\":[{\"@type\":\"WebPage\",\"@id\":\"https:\\\/\\\/mut.cl\\\/evento\\\/noche-nerd-chilensis\\\/\",\"url\":\"https:\\\/\\\/mut.cl\\\/evento\\\/noche-nerd-chilensis\\\/\",\"name\":\"[:es]Noche Nerd Chilensis[:] - Ver y hacer en MUT\",\"isPartOf\":{\"@id\":\"https:\\\/\\\/mut.cl\\\/es\\\/#website\"},\"primaryImageOfPage\":{\"@id\":\"https:\\\/\\\/mut.cl\\\/evento\\\/noche-nerd-chilensis\\\/#primaryimage\"},\"image\":{\"@id\":\"https:\\\/\\\/mut.cl\\\/evento\\\/noche-nerd-chilensis\\\/#primaryimage\"},\"thumbnailUrl\":\"https:\\\/\\\/mut.cl\\\/cms\\\/wp-content\\\/uploads\\\/2026\\\/08\\\/Noche-Nerd-Chilensis-01-scaled.png\",\"datePublished\":\"2026-08-31T14:50:21+00:00\",\"dateModified\":\"2026-08-31T15:12:04+00:00\",\"breadcrumb\":{\"@id\":\"https:\\\/\\\/mut.cl\\\/evento\\\/noche-nerd-chilensis\\\/#breadcrumb\"},\"inLanguage\":\"es\",\"potentialAction\":[{\"@type\":\"ReadAction\",\"target\":[\"https:\\\/\\\/mut.cl\\\/evento\\\/noche-nerd-chilensis\\\/\"]}]},{\"@type\":\"ImageObject\",\"inLanguage\":\"es\",\"@id\":\"https:\\\/\\\/mut.cl\\\/evento\\\/noche-nerd-chilensis\\\/#primaryimage\",\"url\":\"https:\\\/\\\/mut.cl\\\/cms\\\/wp-content\\\/uploads\\\/2026\\\/08\\\/Noche-Nerd-Chilensis-01-scaled.png\",\"contentUrl\":\"https:\\\/\\\/mut.cl\\\/cms\\\/wp-content\\\/uploads\\\/2026\\\/08\\\/Noche-Nerd-Chilensis-01-scaled.png\",\"width\":2048,\"height\":2560},{\"@type\":\"BreadcrumbList\",\"@id\":\"https:\\\/\\\/mut.cl\\\/evento\\\/noche-nerd-chilensis\\\/#breadcrumb\",\"itemListElement\":[{\"@type\":\"ListItem\",\"position\":1,\"name\":\"Home\",\"item\":\"https:\\\/\\\/mut.cl\\\/es\\\/\"},{\"@type\":\"ListItem\",\"position\":2,\"name\":\"Eventos\",\"item\":\"https:\\\/\\\/mut.cl\\\/es\\\/evento\\\/\"},{\"@type\":\"ListItem\",\"position\":3,\"name\":\"Noche Nerd Chilensis\"}]},{\"@type\":\"WebSite\",\"@id\":\"https:\\\/\\\/mut.cl\\\/es\\\/#website\",\"url\":\"https:\\\/\\\/mut.cl\\\/es\\\/\",\"name\":\"MUT\",\"description\":\"Mercado Urbano Tobalaba\",\"potentialAction\":[{\"@type\":\"SearchAction\",\"target\":{\"@type\":\"EntryPoint\",\"urlTemplate\":\"https:\\\/\\\/mut.cl\\\/es\\\/?s={search_term_string}\"},\"query-input\":{\"@type\":\"PropertyValueSpecification\",\"valueRequired\":true,\"valueName\":\"search_term_string\"}}],\"inLanguage\":\"es\"}]}<\/script>\n<!-- \/ Yoast SEO plugin. -->","yoast_head_json":{"title":"[:es]Noche Nerd Chilensis[:] - Ver y hacer en MUT","robots":{"index":"index","follow":"follow","max-snippet":"max-snippet:-1","max-image-preview":"max-image-preview:large","max-video-preview":"max-video-preview:-1"},"canonical":"https:\/\/mut.cl\/evento\/noche-nerd-chilensis\/","og_locale":"es_ES","og_type":"article","og_title":"[:es]Noche Nerd Chilensis[:] - Ver y hacer en MUT","og_description":"Una noche para comer, tomar y conversar de la chilenidad, de c\u00f3mo nos vemos a nosotros mismos, c\u00f3mo nos ve el mundo y c\u00f3mo la poes\u00eda responde esas preguntas. Conversaciones con el ex canciller Alberto Van Klaveren, el escritor Rafael Gumucio y la escritora Alejandra del R\u00edo Lohan. Tragos y empanadas disponibles a cargo de [&hellip;]","og_url":"https:\/\/mut.cl\/evento\/noche-nerd-chilensis\/","og_site_name":"MUT","article_modified_time":"2026-08-31T15:12:04+00:00","og_image":[{"width":819,"height":1024,"url":"https:\/\/mut.cl\/cms\/wp-content\/uploads\/2026\/08\/Noche-Nerd-Chilensis-01-819x1024.png","type":"image\/png"}],"twitter_card":"summary_large_image","twitter_misc":{"Tiempo de lectura":"1 minuto"},"schema":{"@context":"https:\/\/schema.org","@graph":[{"@type":"WebPage","@id":"https:\/\/mut.cl\/evento\/noche-nerd-chilensis\/","url":"https:\/\/mut.cl\/evento\/noche-nerd-chilensis\/","name":"[:es]Noche Nerd Chilensis[:] - Ver y hacer en MUT","isPartOf":{"@id":"https:\/\/mut.cl\/es\/#website"},"primaryImageOfPage":{"@id":"https:\/\/mut.cl\/evento\/noche-nerd-chilensis\/#primaryimage"},"image":{"@id":"https:\/\/mut.cl\/evento\/noche-nerd-chilensis\/#primaryimage"},"thumbnailUrl":"https:\/\/mut.cl\/cms\/wp-content\/uploads\/2026\/08\/Noche-Nerd-Chilensis-01-scaled.png","datePublished":"2026-08-31T14:50:21+00:00","dateModified":"2026-08-31T15:12:04+00:00","breadcrumb":{"@id":"https:\/\/mut.cl\/evento\/noche-nerd-chilensis\/#breadcrumb"},"inLanguage":"es","potentialAction":[{"@type":"ReadAction","target":["https:\/\/mut.cl\/evento\/noche-nerd-chilensis\/"]}]},{"@type":"ImageObject","inLanguage":"es","@id":"https:\/\/mut.cl\/evento\/noche-nerd-chilensis\/#primaryimage","url":"https:\/\/mut.cl\/cms\/wp-content\/uploads\/2026\/08\/Noche-Nerd-Chilensis-01-scaled.png","contentUrl":"https:\/\/mut.cl\/cms\/wp-content\/uploads\/2026\/08\/Noche-Nerd-Chilensis-01-scaled.png","width":2048,"height":2560},{"@type":"BreadcrumbList","@id":"https:\/\/mut.cl\/evento\/noche-nerd-chilensis\/#breadcrumb","itemListElement":[{"@type":"ListItem","position":1,"name":"Home","item":"https:\/\/mut.cl\/es\/"},{"@type":"ListItem","position":2,"name":"Eventos","item":"https:\/\/mut.cl\/es\/evento\/"},{"@type":"ListItem","position":3,"name":"Noche Nerd Chilensis"}]},{"@type":"WebSite","@id":"https:\/\/mut.cl\/es\/#website","url":"https:\/\/mut.cl\/es\/","name":"MUT","description":"Mercado Urbano Tobalaba","potentialAction":[{"@type":"SearchAction","target":{"@type":"EntryPoint","urlTemplate":"https:\/\/mut.cl\/es\/?s={search_term_string}"},"query-input":{"@type":"PropertyValueSpecification","valueRequired":true,"valueName":"search_term_string"}}],"inLanguage":"es"}]}},"_links":{"self":[{"href":"https:\/\/mut.cl\/es\/wp-json\/wp\/v2\/evento\/4818","targetHints":{"allow":["GET"]}}],"collection":[{"href":"https:\/\/mut.cl\/es\/wp-json\/wp\/v2\/evento"}],"about":[{"href":"https:\/\/mut.cl\/es\/wp-json\/wp\/v2\/types\/evento"}],"wp:featuredmedia":[{"embeddable":true,"href":"https:\/\/mut.cl\/es\/wp-json\/wp\/v2\/media\/4819"}],"wp:attachment":[{"href":"https:\/\/mut.cl\/es\/wp-json\/wp\/v2\/media?parent=4818"}],"wp:term":[{"taxonomy":"post_tag","embeddable":true,"href":"https:\/\/mut.cl\/es\/wp-json\/wp\/v2\/tags?post=4818"},{"taxonomy":"piso","embeddable":true,"href":"https:\/\/mut.cl\/es\/wp-json\/wp\/v2\/piso?post=4818"},{"taxonomy":"tipo","embeddable":true,"href":"https:\/\/mut.cl\/es\/wp-json\/wp\/v2\/tipo?post=4818"}],"curies":[{"name":"wp","href":"https:\/\/api.w.org\/{rel}","templated":true}]}}

<p><span style="font-weight: 400;">Una noche para comer, tomar y conversar de la chilenidad, de cómo nos vemos a nosotros mismos, cómo nos ve el mundo y cómo la poesía responde esas preguntas.</span></p>
<p>Conversaciones con el ex canciller Alberto Van Klaveren, el escritor Rafael Gumucio y la escritora Alejandra del Río Lohan.</p>
<p>Tragos y empanadas disponibles a cargo de La Piojera.</p>

<!-- This site is optimized with the Yoast SEO plugin v28.2 - https://yoast.com/product/yoast-seo-wordpress/ -->
<title>Noche Nerd Chilensis - Ver y hacer en MUT</title>
<meta name="robots" content="index, follow, max-snippet:-1, max-image-preview:large, max-video-preview:-1" />
<link rel="canonical" href="https://mut.cl/evento/noche-nerd-chilensis/" />
<meta property="og:locale" content="es_ES" />
<meta property="og:type" content="article" />
<meta property="og:title" content="[:es]Noche Nerd Chilensis[:] - Ver y hacer en MUT" />
<meta property="og:description" content="Una noche para comer, tomar y conversar de la chilenidad, de cómo nos vemos a nosotros mismos, cómo nos ve el mundo y cómo la poesía responde esas preguntas. Conversaciones con el ex canciller Alberto Van Klaveren, el escritor Rafael Gumucio y la escritora Alejandra del Río Lohan. Tragos y empanadas disponibles a cargo de [&hellip;]" />
<meta property="og:url" content="https://mut.cl/evento/noche-nerd-chilensis/" />
<meta property="og:site_name" content="MUT" />
<meta property="article:modified_time" content="2026-08-31T15:12:04+00:00" />
<meta property="og:image" content="https://mut.cl/cms/wp-content/uploads/2026/08/Noche-Nerd-Chilensis-01-819x1024.png" />
	<meta property="og:image:width" content="819" />
	<meta property="og:image:height" content="1024" />
	<meta property="og:image:type" content="image/png" />
<meta name="twitter:card" content="summary_large_image" />
<meta name="twitter:label1" content="Tiempo de lectura" />
	<meta name="twitter:data1" content="1 minuto" />
<script type="application/ld+json" class="yoast-schema-graph">{"@context":"https:\/\/schema.org","@graph":[{"@type":"WebPage","@id":"https:\/\/mut.cl\/evento\/noche-nerd-chilensis\/","url":"https:\/\/mut.cl\/evento\/noche-nerd-chilensis\/","name":"[:es]Noche Nerd Chilensis[:] - Ver y hacer en MUT","isPartOf":{"@id":"https:\/\/mut.cl\/es\/#website"},"primaryImageOfPage":{"@id":"https:\/\/mut.cl\/evento\/noche-nerd-chilensis\/#primaryimage"},"image":{"@id":"https:\/\/mut.cl\/evento\/noche-nerd-chilensis\/#primaryimage"},"thumbnailUrl":"https:\/\/mut.cl\/cms\/wp-content\/uploads\/2026\/08\/Noche-Nerd-Chilensis-01-scaled.png","datePublished":"2026-08-31T14:50:21+00:00","dateModified":"2026-08-31T15:12:04+00:00","breadcrumb":{"@id":"https:\/\/mut.cl\/evento\/noche-nerd-chilensis\/#breadcrumb"},"inLanguage":"es","potentialAction":[{"@type":"ReadAction","target":["https:\/\/mut.cl\/evento\/noche-nerd-chilensis\/"]}]},{"@type":"ImageObject","inLanguage":"es","@id":"https:\/\/mut.cl\/evento\/noche-nerd-chilensis\/#primaryimage","url":"https:\/\/mut.cl\/cms\/wp-content\/uploads\/2026\/08\/Noche-Nerd-Chilensis-01-scaled.png","contentUrl":"https:\/\/mut.cl\/cms\/wp-content\/uploads\/2026\/08\/Noche-Nerd-Chilensis-01-scaled.png","width":2048,"height":2560},{"@type":"BreadcrumbList","@id":"https:\/\/mut.cl\/evento\/noche-nerd-chilensis\/#breadcrumb","itemListElement":[{"@type":"ListItem","position":1,"name":"Home","item":"https:\/\/mut.cl\/es\/"},{"@type":"ListItem","position":2,"name":"Eventos","item":"https:\/\/mut.cl\/es\/evento\/"},{"@type":"ListItem","position":3,"name":"Noche Nerd Chilensis"}]},{"@type":"WebSite","@id":"https:\/\/mut.cl\/es\/#website","url":"https:\/\/mut.cl\/es\/","name":"MUT","description":"Mercado Urbano Tobalaba","potentialAction":[{"@type":"SearchAction","target":{"@type":"EntryPoint","urlTemplate":"https:\/\/mut.cl\/es\/?s={search_term_string}"},"query-input":{"@type":"PropertyValueSpecification","valueRequired":true,"valueName":"search_term_string"}}],"inLanguage":"es"}]}</script>
<!-- / Yoast SEO plugin. -->

Una noche para comer, tomar y conversar de la chilenidad, de cómo nos vemos a nosotros mismos, cómo nos ve el mundo y cómo la poesía responde esas preguntas. Conversaciones con el ex canciller Alberto Van Klaveren, el escritor Rafael Gumucio y la escritora Alejandra del Río Lohan. Tragos y empanadas disponibles a cargo de [&hellip;]
